 Let k(i) = 3*i + 5. Determine k(z).
-7
Let f(c) = -c**3 - 2*c + 5*c**2 - 2*c**2 + 0*c**2 - 1. Let z(k) be the third derivative of k**5/60 - 7*k**4/24 + k**3/3 - 2*k**2. Let v be z(7). What is f(v)?
-1
Suppose -11 = 5*s - 1. Let b = s - -1. Let t(v) = 9*v + 0 + 4 - 5 + 2. What is t(b)?
-8
Let p(o) be the second derivative of o**6/120 + o**5/60 - 2*o**4/3 + 3*o. Let u(q) be the third derivative of p(q). Determine u(2).
14
Let y be 4/10 + 36/10. Let u be (-2 - -1) + -1 + y. Let z(l) = -l**u - l**3 + 0 - 2*l - 1 - 3*l**2. Give z(-3).
-4
Suppose -4 = 4*d + a, 0*d + 4 = 2*d + 2*a. Suppose -4*j + 2 + 2 = 0. Let u(x) = -x - 4. Let y(w) = w - 1. Let p(c) = j*u(c) - y(c). Determine p(d).
1
Suppose 3*p = 17 - 11. Let x(q) = -q + 1. What is x(p)?
-1
Let i(q) = -q**2 + 10*q - 12. Let g be (-266)/(-28) - 6/4. Determine i(g).
4
Let h(d) = d**3 - 5*d**2 + 5*d - 1. Let m be h(4). Let z(p) be the second derivative of p**3/2 - p**2 + 3*p. Give z(m).
7
Let g(t) = 3*t - 5. Suppose -2*x + 10 = -0*x. Let s(y) = -y. Let d(f) = x*s(f) + g(f). What is d(-5)?
5
Suppose 3*o = 2*o + 2. Let k be o + 0 + (-3)/1. Let w(y) = 7*y - 1. Calculate w(k).
-8
Let f(r) be the second derivative of -r**5/20 - r**4/2 - 5*r**3/6 - r**2/2 + 16*r. Let p be 12/6 - (5 - -1). Let o be p/(-5)*(-6 - -1). Calculate f(o).
-13
Let l(f) = -f**3 + 3*f**2 - 1. Let o be 88/6 + (-2)/3. Let v = o - 12. Determine l(v).
3
Suppose 0 = 5*y - s - 17 - 64, -3*y + 50 = -2*s. Let c be y/(-6) - 2/6. Let b(v) = -v**3 - 5*v**2 - 4*v - 2. Determine b(c).
-8
Let i(y) = 3*y**3 - 5*y**2 - 4. Let h(l) = -8*l**2 + 4*l**3 + l - 1 - 8 - 2*l**2 + 3*l**3. Let b(z) = -4*h(z) + 9*i(z). Give b(-3).
-6
Let x(l) = 2 + 5*l + 0 - l**3 - 2*l**2 - 4 + 4. Determine x(-3).
-4
Let t(k) be the third derivative of k**5/60 + k**4/8 + k**3/3 - 13*k**2. What is t(-3)?
2
Suppose 0*z - 5 = -z. Let u(j) be the third derivative of j**4/24 - j**3/2 - j**2. Determine u(z).
2
Let r(k) = k**2 + k - 5. Suppose j = 2*j + 3*j. What is r(j)?
-5
Suppose 0 = 5*q - 4*q + l + 6, 0 = q + 5*l + 14. Let s(j) = -2*j - 2*j + 6*j + 0*j + 5. Determine s(q).
-3
Let h(k) = -1 + 8*k + k**2 - 4*k + 4*k + 0*k**2. Let a be h(-7). Let z = 8 + a. Let w(p) = -p**3 + p + 1. Determine w(z).
1
Let x(m) = 3*m + 11. Let y be ((-4)/6)/(32/432). Calculate x(y).
-16
Let n(t) = -t**2 - 4*t - 1. Let q be n(-4). Let h(j) = -6*j**3 + 2*j - j - j. Give h(q).
6
Let z = -7 + 7. Suppose z*g + g - 5 = 0. Let h(c) = c**3 - 6*c**2 + 3*c + 5. What is h(g)?
-5
Let s = 9 - 9. Let y(k) = -3*k - 8 - 1 + 2*k. Determine y(s).
-9
Let z = 5 - -12. Let s = -19 + z. Let f(r) = r. What is f(s)?
-2
Let a(z) = -z**2 - 4*z - 4. Let h = 2 + 2. Suppose 5*n = n - h, -3*t = -3*n - 18. Suppose -t*p - 4 = 11. Give a(p).
-1
Let g = 6 + -10. Let s = g - 1. Let v = s - -3. Let y(d) = -d**3 + 3*d + 2. Determine y(v).
4
Let b be (6 - 2)/((-6)/9). Let q(x) = x + 3. Determine q(b).
-3
Let y(p) be the third derivative of -p**6/120 + p**5/12 + p**4/4 + p**3/6 - 5*p**2. What is y(6)?
1
Let r be -2 + 1 - -1*3. Let s(a) = 0*a + 0 + 2 + r*a. Suppose 3*h - 4*j = 14, h + 3*h - 3*j - 14 = 0. Determine s(h).
6
Let y(h) = -1 + 0*h + 0*h - h**2 + 4*h. Let f = 87 + -82. Calculate y(f).
-6
Let i(k) = 10*k. Let r(m) = -21*m. Let c(l) = -5*i(l) - 2*r(l). Give c(-1).
8
Suppose k + k - 32 = 5*p, 3*p + 4*k = -40. Let b(f) = f + 9. Let l be b(p). Let z(s) = -s**3 - s + 1. Calculate z(l).
-1
Let n(w) be the third derivative of w**4/12 + w**3/6 + 2*w**2. Let z(q) = q + 1. Let h be z(-4). Let o = h - -7. Calculate n(o).
9
Let o(s) = 3 + s - 6 + s**2 - 5*s. Give o(6).
9
Suppose 2*q - 7 = 7. Let p(h) = h**3 - 6*h**2 - 9*h. Determine p(q).
-14
Let x(r) = 3*r**3 - 5*r**3 + r**3 - 3*r + 1. Suppose -10 = 5*u - 20. Calculate x(u).
-13
Suppose 4*f = -1 - 3. Let s be (-2)/(f - (-2 - 0)). Let q be (1/(-2))/(s/(-20)). Let y(w) = -w**2 - 3*w + 6. Give y(q).
-4
Let g(w) = -w**3 - 7*w**2 + 10. Let j be -11 + 4/(-3*4/(-12)). Determine g(j).
10
Suppose l + l = -3*k - 21, 5*l + 3*k + 39 = 0. Let t(p) = p**2 + 4*p + 1. Give t(l).
13
Let p be (1 - 4)*(0 + -1). Suppose 0 = p*c + c - 32. Let n(i) = -i**3 + 9*i**2 - 8*i + 6. Determine n(c).
6
Suppose -5*t + 8 = -17. Suppose 0*i + 4*i - 4*o - 20 = 0, -5*o = 3*i - 7. Let a(y) = -5 - 3*y**3 - i*y + y - 4*y**2 + 4*y**3. Calculate a(t).
5
Let y = 2 - -2. Let z(p) = -3*p - 4*p**2 + 4 + 4*p**2 - 1 + p**2 + 9*p**3. Let t(v) = 5*v**3 + v**2 - v + 1. Let h(w) = -7*t(w) + 4*z(w). Give h(y).
1
Let a(l) = -l**2 + 6 - 6*l - 2 + 6. Let f be a(-7). Let s(j) = -j**2 + 4*j - 2. Determine s(f).
1
Let c(f) = 2*f - 6. Let t be c(5). Let g(j) = -j**3 + 4*j**2 + 4*j + 5. Give g(t).
21
Let b(i) be the first derivative of i**3/3 - 5*i**2 + 10*i + 11. Give b(7).
-11
Let d(h) be the first derivative of -h**3/3 + 3*h**2 + 10*h + 17. Determine d(7).
3
Let d(c) = 13*c**3 + c**2 + 2*c + 1. Let a(r) = r**3 + 4*r**2 - 1. Let z be a(-4). Determine d(z).
-13
Let w be ((-3)/(-1))/((-6)/8). Let d(r) be the third derivative of r**6/720 + 5*r**4/24 + 4*r**2. Let b(q) be the second derivative of d(q). Calculate b(w).
-4
Let d = -6 - -9. Let r be (-3)/7 - (-6)/14. Let g(m) = 5 - m - 5 + r. Calculate g(d).
-3
Let f(p) = -9*p**3. Let y(n) = -2*n + 2. Let k be y(-7). Let q = k - 15. What is f(q)?
-9
Let u(a) = -8 - 21*a + 1 + 22*a - a**2. Let p(g) = 2*g - 1. Let h be p(8). Suppose -3*o + 2*m - 3 = m, 5*m = 2*o + h. What is u(o)?
-7
Let k(o) = -o - 4. Suppose -2*r = 3*r + 5. Let j(c) = 1 - 4 + 3 - 1 - c. Let v(x) = r*k(x) + 2*j(x). Give v(5).
-3
Let k(l) = 17*l. Let f(n) = -6*n. Let a(h) = 8*f(h) + 3*k(h). Determine a(1).
3
Let n(m) be the first derivative of 0 + 2 - 1 - 9*m + m**2. Let u be n(6). Let z(c) = -2*c + 1. Give z(u).
-5
Let k(y) = 3*y + 18*y**2 - 7*y**2 - 10*y**2 - 7 + 2. Give k(-4).
-1
Suppose 4*g = j + 6, -2*j + 4 = g - 2. Let w = -6 + j. Let o(h) = -h - 5. What is o(w)?
-1
Let a(f) = f**2 + f + 2. Let v be a(0). Suppose 0 = 3*k - 5*x + 28, -3*x + 17 = -v*k - 0*x. Let g(d) be the first derivative of 6*d**2 + d + 202. Give g(k).
-11
Suppose -q - 5 = q + 5*d, -d = q - 5. Let b = q - 5. Let y(j) be the first derivative of j**2/2 - 2*j - 3. Determine y(b).
3
Let t(d) = -2*d + 3. Let u(z) = z**3 + z**2 + z + 5. Let c be u(0). Calculate t(c).
-7
Let p be (6 - 20/5)/((-24)/(-5)). Let j(c) be the second derivative of -4/3*c**3 + 0 + p*c**4 + 3*c - 3*c**2 + 1/20*c**5. Give j(-6).
6
Let d(n) = n**3 + n - 4. Let w(g) = -g - 10. Let y be 2/(-10) - 245/25. Let h be w(y). Let q be d(h). Let m(c) = c**2 + 5*c + 6. Determine m(q).
2
Let d = 3 + -3. Let h(t) = t - 1. Let a(i) = i**2 - 4. Let x(n) = a(n) - h(n). Determine x(d).
-3
Let u be (4/6)/(2/30). Let h(m) = 4 - u*m - 4*m**2 + 2*m**2 - m**3 + 7*m**2 + 5*m. Give h(3).
7
Let a(s) = 6*s**2 - 15*s - 11. Let p(j) = -7*j**2 + 15*j + 12. Let g(i) = -6*a(i) - 5*p(i). Let h be g(15). Let l(n) = 3*n - 1. Determine l(h).
17
Let k(i) = 5*i**2 + i. Suppose 0 = -4*o + s - 17, -3*s + 11 = -4*o - 0*s. Let h = o - -5. Suppose h = -4*a + 5 - 1. Give k(a).
6
Let i = -7 + 12. Suppose 13 = i*a + 3. Let q(g) = 2 - 3 - a*g**2 + 4*g + 0*g. What is q(3)?
-7
Let g(w) = w**2 - 3. Suppose -12*x + 9*x = -9. Give g(x).
6
Let z(d) = -2*d**3 - 2*d**2 + 3*d + 3. Suppose 3*o - 4*m + 5 = 3, 4*o - 34 = -2*m. Let f = -8 + o. Calculate z(f).
5
Let v(j) = -3*j. Let w(b) = 3*b**3 - 1. Suppose -1 = 3*k + 4*m, -3*m - 1 - 2 = 0. Let o be w(k). Let a be -3 - (o + (-6)/2). Calculate v(a).
6
Let g be (3 - (-9)/3)/2. Suppose 0 + 6 = g*q. Let h(o) = 2*o**2 - 3*o + 2. Determine h(q).
4
Let h(a) = -a + 10. Let l be h(7). Let w be (-2)/(l - 34/10). Let i(s) = 1. Let p(v) = v**2 - 5*v + 1. Let u(o) = 6*i(o) - p(o). What is u(w)?
5
Let b(z) = z - 7. Suppose 4*u = 27 + 21. Suppose -f + 1 = -2. Suppose -u = f*g - 7*g. Calculate b(g).
-4
Let o(f) = -f - 3. Let u(h) = -2*h - 5. Let v = 5 - 9. Let t(g) = v*u(g) + 7*o(g). Give t(-2).
-3
Let f(z) = -7*z - 17*z**2 + 12*z**2 + 6*z**2 + 5. Determine f(7).
5
Suppose 3*i = -i - 72. Let l be 12/i + (-16)/(-6). Let a(u) = -5*u**2 + u**2 - 2 - 2*u + 3*u**l. Calculate a(-2).
-2
Let g(z) be the first derivative of z**4/4 - 5*z**3/3 - z**2/2 - 6*z - 7. Determine g(5).
-11
Suppose -d + 3*i = -1, -d + 3*d - 4*i = -2. Let k(p) = p**2 + 6*p - 6. Determine k(d).
-11
Suppose 0 = -0*w - 2*w - 26. Let b = w + 8. Let u(a) be t